 40554?
2, 3, 751
What are the prime factors of 120580?
2, 5, 6029
List the prime factors of 6198.
2, 3, 1033
List the prime factors of 3.
3
What are the prime factors of 5083?
13, 17, 23
List the prime factors of 12684.
2, 3, 7, 151
List the prime factors of 38043.
3, 1409
What are the prime factors of 651?
3, 7, 31
What are the prime factors of 17114?
2, 43, 199
What are the prime factors of 9497?
9497
List the prime factors of 4851.
3, 7, 11
What are the prime factors of 39653?
19, 2087
List the prime factors of 235.
5, 47
What are the prime factors of 30150?
2, 3, 5, 67
What are the prime factors of 1518?
2, 3, 11, 23
List the prime factors of 909.
3, 101
List the prime factors of 58877.
7, 13, 647
List the prime factors of 20280.
2, 3, 5, 13
What are the prime factors of 8799?
3, 7, 419
What are the prime factors of 1175?
5, 47
What are the prime factors of 355?
5, 71
What are the prime factors of 1003?
17, 59
What are the prime factors of 85265?
5, 17053
List the prime factors of 6901.
67, 103
List the prime factors of 582.
2, 3, 97
What are the prime factors of 20352?
2, 3, 53
What are the prime factors of 5412?
2, 3, 11, 41
List the prime factors of 25091.
11, 2281
What are the prime factors of 3757?
13, 17
What are the prime factors of 22855?
5, 7, 653
List the prime factors of 4220.
2, 5, 211
What are the prime factors of 117?
3, 13
What are the prime factors of 33736?
2, 4217
List the prime factors of 875.
5, 7
List the prime factors of 8756.
2, 11, 199
List the prime factors of 2433.
3, 811
List the prime factors of 1308.
2, 3, 109
What are the prime factors of 426?
2, 3, 71
What are the prime factors of 7685?
5, 29, 53
What are the prime factors of 1304?
2, 163
What are the prime factors of 175861?
7, 37, 97
List the prime factors of 28701.
3, 1063
What are the prime factors of 27672?
2, 3, 1153
What are the prime factors of 12495?
3, 5, 7, 17
List the prime factors of 2448.
2, 3, 17
List the prime factors of 285.
3, 5, 19
List the prime factors of 3687.
3, 1229
What are the prime factors of 2295?
3, 5, 17
List the prime factors of 41679.
3, 11, 421
List the prime factors of 171773.
7, 53, 463
What are the prime factors of 8837?
8837
List the prime factors of 1705.
5, 11, 31
List the prime factors of 162185.
5, 163, 199
What are the prime factors of 67172?
2, 7, 2399
What are the prime factors of 572?
2, 11, 13
List the prime factors of 69248.
2, 541
List the prime factors of 818.
2, 409
What are the prime factors of 172?
2, 43
What are the prime factors of 70597?
227, 311
List the prime factors of 465.
3, 5, 31
What are the prime factors of 2281?
2281
List the prime factors of 1481.
1481
List the prime factors of 1287.
3, 11, 13
What are the prime factors of 35971?
13, 2767
What are the prime factors of 1058?
2, 23
What are the prime factors of 128409?
3, 23, 1861
List the prime factors of 29.
29
List the prime factors of 509.
509
What are the prime factors of 41796?
2, 3, 43
List the prime factors of 14743.
23, 641
What are the prime factors of 2274?
2, 3, 379
What are the prime factors of 7863?
3, 2621
List the prime factors of 52350.
2, 3, 5, 349
What are the prime factors of 7160?
2, 5, 179
What are the prime factors of 713?
23, 31
What are the prime factors of 38844?
2, 3, 13, 83
What are the prime factors of 120860?
2, 5, 6043
List the prime factors of 3270.
2, 3, 5, 109
What are the prime factors of 3039?
3, 1013
What are the prime factors of 1405?
5, 281
What are the prime factors of 2079?
3, 7, 11
What are the prime factors of 2452?
2, 613
What are the prime factors of 5038?
2, 11, 229
List the prime factors of 7459.
7459
What are the prime factors of 141656?
2, 17707
List the prime factors of 2643.
3, 881
What are the prime factors of 1946?
2, 7, 139
List the prime factors of 11750.
2, 5, 47
What are the prime factors of 1694?
2, 7, 11
List the prime factors of 946.
2, 11, 43
What are the prime factors of 163?
163
What are the prime factors of 7960?
2, 5, 199
List the prime factors of 7567.
7, 23, 47
What are the prime factors of 4374?
2, 3
What are the prime factors of 181758?
2, 3, 30293
What are the prime factors of 710?
2, 5, 71
List the prime factors of 27903.
3, 71, 131
What are the prime factors of 463?
463
List the prime factors of 2796.
2, 3, 233
List the prime factors of 224.
2, 7
List the prime factors of 271.
271
What are the prime factors of 5245?
5, 1049
List the prime factors of 295.
5, 59
What are the prime factors of 27328?
2, 7, 61
What are the prime factors of 1121?
19, 59
What are the prime factors of 7063?
7, 1009
List the prime factors of 4285.
5, 857
List the prime factors of 694.
2, 347
List the prime factors of 52506.
2, 3, 2917
List the prime factors of 40370.
2, 5, 11, 367
List the prime factors of 14425.
5, 577
What are the prime factors of 47646?
2, 3, 2647
What are the prime factors of 6966?
2, 3, 43
List the prime factors of 1974.
2, 3, 7, 47
List the prime factors of 12643.
47, 269
List the prime factors of 745.
5, 149
List the prime factors of 876.
2, 3, 73
What are the prime factors of 2343?
3, 11, 71
What are the prime factors of 34125?
3, 5, 7, 13
What are the prime factors of 3691?
3691
List the prime factors of 16349.
16349
List the prime factors of 1468.
2, 367
What are the prime factors of 9580?
2, 5, 479
List the prime factors of 39.
3, 13
List the prime factors of 3227.
7, 461
What are the prime factors of 48527?
48527
List the prime factors of 4099.
4099
What are the prime factors of 50429?
211, 239
List the prime factors of 2357.
2357
List the prime factors of 12474.
2, 3, 7, 11
List the prime factors of 287.
7, 41
What are the prime factors of 1304?
2, 163
List the prime factors of 164791.
11, 71, 211
List the prime factors of 4477.
11, 37
What are the prime factors of 7259?
7, 17, 61
What are the prime factors of 37910?
2, 5, 17, 223
List the prime factors of 5989.
53, 113
List the prime factors of 27060.
2, 3, 5, 11, 41
What are the prime factors of 528?
2, 3, 11
List the prime factors of 9.
3
What are the prime factors of 592?
2, 37
What are the prime factors of 53814?
2, 3, 8969
What are the prime factors of 2006?
2, 17, 59
What are the prime factors of 1597?
1597
What are the prime factors of 9275?
5, 7, 53
List the prime factors of 1195.
5, 239
What are the prime factors of 42083?
42083
List the prime factors of 1389.
3, 463
What are the prime factors of 36361?
13, 2797
What are the prime factors of 17?
17
What are the prime factors of 2024?
2, 11, 23
List the prime factors of 1209.
3, 13, 31
What are the prime factors of 4779?
3, 59
List the prime factors of 28655.
5, 11, 521
List the prime factors of 99712.
2, 19, 41
What are the prime factors of 810?
2, 3, 5
What are the prime factors of 356?
2, 89
What are the prime factors of 19681?
19681
What are the prime factors of 50231?
50231
List the prime factors of 1852.
2, 463
What are the prime factors of 5462?
2, 2731
What are the prime factors of 4084?
2, 1021
What are the prime factors of 60097?
19, 3163
List the prime factors of 626.
2, 313
What are the prime factors of 174038?
2, 173, 503
What are the prime factors of 204760?
2, 5, 5119
List the prime factors of 922.
2, 461
What are the prime factors of 419?
419
List the prime factors of 918.
2, 3, 17
What are the prime factors of 27816?
2, 3, 19, 61
What are the prime factors of 27966?
2, 3, 59, 79
List the prime factors of 9254.
2, 7, 661
List the prime factors of 389.
389
List the prime factors of 11945.
5, 2389
What are the prime factors of 22476?
2, 3, 1873
List the prime factors of 1088.
2, 17
What are the prime factors of 11522?
2, 7, 823
List the prime factors of 14356.
2, 37, 97
List the prime factors of 5186.
2, 2593
What are the prime factors of 18149?
18149
What are the prime factors of 2112?
2, 3, 11
List the prime factors of 3594.
2, 3, 599
What are the prime factors of 1740?
2, 3, 5, 29
What are the prime factors of 4509?
3, 167
What are the prime factors of 24828?
2, 3, 2069
List the prime factors of 1698.
2, 3, 283
List the prime factors of 1153.
1153
What are the prime factors of 9274?
2, 4637
List the prime factors of 5334.
2, 3, 7, 127
What are the prime factors of 910?
2, 5, 7, 13
What are the prime factors of 7159?
7159
What are the prime f